04.
52
Suppose q = -5*u + 6732 + 1266, 3*u - 4800 = -q. Calculate the greatest common factor of u and 7134.
123
Let c(s) = -s**2 + 6*s + 139. Let o be c(14). Suppose -4*w - o = -51. Calculate the highest common divisor of w and 96.
6
Suppose -k + 202 + 449 = -3*w, -5*k - w + 3335 = 0. Calculate the highest common factor of k and 777.
111
Let d = 5187 + -3817. Calculate the highest common divisor of 310 and d.
10
Let n(u) = 514*u**2 + 15*u + 104. Let o be n(-5). What is the highest common factor of 53 and o?
53
Let c = 4109 + -3964. What is the greatest common divisor of 1798 and c?
29
Let t be -6*((-9)/2)/3. Suppose -h = -4*q - 3*h + 1032, -4*h + 1024 = 4*q. Suppose -14*o = q - 638. What is the highest common factor of o and t?
9
Suppose j = 11*g - 15*g + 3409, 3409 = j + 3*g. Calculate the greatest common factor of 21 and j.
7
Suppose 0 = 18*o - 2*o - 192. Suppose 0 = 115*h - 112*h - o. Suppose -2*b + 2 = 0, 0 = 4*m - b - 6 - 1. What is the highest common divisor of h and m?
2
Let g be (5 - 7 - 2) + 900/25. Calculate the highest common divisor of g and 16016.
16
Let s = 1183 - 1159. Let x(o) = o**3 + 10*o**2 - 11*o. Let t be x(-11). Let d be 3 - t - 39/(-13). What is the greatest common divisor of d and s?
6
Let h be 59/(17/(-76) + 0 - (-11)/44). Calculate the greatest common factor of h and 38.
38
Suppose -6*g + 390 = -612. Suppose -113 - g = -5*b. Let m(o) = -2*o**3 + 29*o**2 - 14*o + 24. Let p be m(14). What is the highest common divisor of p and b?
8
Suppose -29*g + 840 = 21*g - 10*g. What is the greatest common factor of 8127 and g?
21
Suppose -5*y + 42 + 577 = 4*s, -3*y = 5*s - 374. What is the greatest common factor of 9717 and y?
123
Let r(g) = -g**2 - 24*g + 781. Let j be r(-41). What is the highest common divisor of 1652 and j?
28
Let o(m) = 6*m**3 - 193*m**2 + 38*m - 9. Let l be o(32). Calculate the highest common divisor of l and 42.
3
Suppose -9 = 8*i + 14 - 71. Calculate the highest common divisor of 699 and i.
3
Suppose -38*l + 2383 + 353 = 0. Let n(p) = 3*p**2 - 39*p - 15. Let g be n(14). Calculate the highest common factor of g and l.
9
Let a(c) = 7*c - 102. Let h be a(15). Suppose 25 = 5*u, -5*i = -h*i + 3*u - 175. Calculate the greatest common divisor of 200 and i.
40
Suppose 16*z = 15*z + 2. Let n = -1027 - -1027. Suppose z*l + n*l = 6. Calculate the greatest common factor of 33 and l.
3
Suppose 0 = -5*n + r + 55 + 228, 4*r + 292 = 5*n. Suppose -6 = -3*t, -25 = -3*g + 3*t + n. Calculate the greatest common factor of 1073 and g.
29
Let j(p) = -p**3 - 16*p**2 + 12*p - 20. Let r be j(-17). Suppose -14663 = -r*o - 5368. What is the greatest common factor of o and 65?
13
Let o be 9/6 - 14/(-4). Let b = -292 - -340. Suppose -4*t - d = -0*d - b, 67 = o*t + 3*d. Calculate the highest common factor of t and 11.
11
Let n(v) = 6*v + 121. Let x be n(0). Let g = x - 178. Let r = g - -89. Calculate the greatest common factor of 24 and r.
8
Let l be ((-1)/1)/((-1)/3). Let z be (0 - 3/(-9)) + 8/12. Let u be (-2037)/(-84) + z/(-4). What is the greatest common divisor of l and u?
3
Let u(h) = 2*h**3 + 18*h**2 + 6*h + 5. Let y be u(-8). What is the highest common divisor of 30 and y?
5
Let s(x) = 25*x + 1230. Let m be s(-46). What is the highest common divisor of 125 and m?
5
Let i = 20 + 0. Let x(k) = k + 11. Let q be x(-12). Let o be (221 - q) + (-16)/8. Calculate the highest common factor of i and o.
20
Let z = -68 - -205. Let p = z + -122. Calculate the highest common factor of p and 35.
5
Suppose 0 = -5*n - 5*g + 155, 3*g + 87 = 3*n + 8*g. Suppose -3*u - 3*i + 596 = -289, -2*u + 596 = 3*i. Calculate the greatest common factor of u and n.
17
Let m be (8/14)/((-4)/(-14)) - -4651. Suppose 0 = -230*t + 219*t + m. What is the greatest common factor of t and 47?
47
Let x be ((-390)/42)/(-5)*14. Suppose 3*f = 5*c + 52, -2*f - c = -f - 4. Suppose 6*j - f*j = -156. What is the greatest common divisor of x and j?
26
Suppose -v + 10*r - 11*r = -315, -r + 5 = 0. Let p be ((-12)/2)/(21/(-70)). What is the greatest common factor of p and v?
10
Suppose 3*m - 5*v - 2012 = 0, -3*m + 793 + 1215 = -v. Calculate the greatest common divisor of 9 and m.
3
Let t(g) = -713*g - 1343. Let v be t(-21). Calculate the highest common divisor of 10 and v.
10
Suppose -124*o - 747 = -121*o. Let c = o + 963. Calculate the greatest common divisor of 84 and c.
42
Suppose 6 = 3*r - 39. Let p = -615 - -703. Suppose p*h - 95*h = -945. What is the greatest common divisor of r and h?
15
Let h(l) = -178*l + 1626. Let f be h(9). What is the greatest common divisor of 704 and f?
8
Suppose -76849 = -21*u - 41777 + 71650. Calculate the highest common factor of 42 and u.
42
Suppose -166*j + 324*j - 169*j = -396. What is the highest common factor of 940 and j?
4
Suppose -5*g + 906 = 5*m - 874, -5*g = -m - 1750. Suppose 164 = 4*r - 2*v, -r = -5*r - 4*v + 140. What is the highest common divisor of g and r?
39
Let c(g) = g**3 + 29*g**2 - 100*g - 49. Let w be c(-32). Let m = -71 + w. Calculate the highest common factor of m and 176.
8
Let a = 682 - 670. Suppose a - 108 = -2*g. Calculate the highest common factor of 528 and g.
48
Let v(x) = -x**2 + 3*x**2 - x**2 - 3*x. Let k be v(6). Let p be 36/(-10)*(167 + -162)*(0 + -1). What is the greatest common factor of k and p?
18
Let n = 1099 + -1857. Let y = n - -777. Calculate the greatest common divisor of y and 589.
19
Let f(n) = -2*n**3 + 2*n**2 + 6*n - 2. Let t be f(-3). Let j = t - 24. Let k = -43 + 47. Calculate the greatest common divisor of k and j.
4
Suppose l + 21*l + 3*l = 5375. What is the greatest common divisor of 688 and l?
43
Let q(r) = r**3 - r - 33*r**2 - 14 - 20 - 27 + 3*r. Let a be q(33). What is the highest common factor of 95 and a?
5
Let u(y) = y - 8. Let g be u(7). Let s be -4 - g - (-3 + (-14)/7). What is the greatest common factor of s and 4?
2
Suppose 60 = 153*x - 163*x. Let o(q) = -q**3 + 11*q**2 + 2*q - 6. Let p be o(x). What is the highest common factor of 11 and p?
11
Suppose 0 = -2*a - b + 815 + 180, b = 1. Calculate the highest common factor of 21 and a.
7
Suppose 0 = -3*y + 4*t + 56, -3*y - 348*t = -345*t - 42. Let b(f) = 3*f**2 + 4. Let l be b(-6). Calculate the greatest common divisor of y and l.
16
Let f = -1066 - -1638. Let j = f - 363. What is the greatest common factor of j and 38?
19
Suppose 755*i - 852*i + 194 = 0. What is the greatest common factor of 326 and i?
2
Let n(s) = s**3 - 34*s**2 + 200*s - 27. Let y be n(29). What is the highest common divisor of y and 147?
49
Let w = -17670 + 17994. Calculate the greatest common divisor of 11502 and w.
162
Let y be (-1 - (-7 + (-6)/(-4)))/(3/246). Calculate the highest common factor of y and 328.
41
Suppose -2*n - 2*z = -3*n + 574, -4*n - 2*z + 2296 = 0. Suppose 61*j = 272 + 271 + 311. What is the greatest common divisor of n and j?
14
Suppose 0 = 2*v - 2*b - b - 89, -2*v = 4*b - 82. What is the highest common factor of 6364 and v?
43
Let p(h) = -2*h**2 - 15*h - 14. Let t be p(-6). What is the highest common divisor of 206 and t?
2
Let x be (12/3)/(1/5). Let d = x - 10. Suppose -2*t + 6 = -d. Calculate the greatest common divisor of t and 48.
8
Let i(z) = -12*z**2 - 4*z + 1008. Let p be i(0). Calculate the highest common divisor of p and 144.
144
Suppose 32 - 17 = -5*s - 4*u, -5*u = 4*s + 21. Calculate the greatest common divisor of 757 and s.
1
Let v = 69 + -9. Suppose r - 15 = -16. Let t be (30/(-40))/(r/20). Calculate the greatest common factor of t and v.
15
Suppose 5*c - 2*h + 60 = 340, 0 = c - h - 59. Suppose 0 = -a - a + c. Suppose a = 4*i + 5*d, 4*d + 4 = -0*d. What is the highest common divisor of i and 1?
1
Suppose -4*r = -2*r + 14. Let j = r + 12. Suppose 0 = y + f - 22, j*y - 8*y = 2*f - 65. What is the highest common divisor of 147 and y?
21
Suppose -9*h + 6 + 12 = 0. Let l be 142/h + -16 + 15 - -1. Suppose -l*y + 240 = -66*y. What is the highest common divisor of y and 120?
24
Let m(y) = 18*y + 96. Let v be m(-5). Suppose 129 = v*t - 897. What is the highest common factor of 228 and t?
57
Let a = -11707 + 11760. What is the highest common divisor of 14893 and a?
53
Let t(f) = -f**3 + 12*f**2 - 18*f - 45. Let p be t(8). Let v = -894 + 1966. What is the highest common divisor of v and p?
67
Let s(x) = x**2 + 123*x + 531. Let p be s(-138). C